(-5)/(50/(-55)). Let h = 65 - l. What is the highest common factor of 4 and h?
2
Let q = -228 + 264. Calculate the highest common factor of 9 and q.
9
Let c be ((-6516)/27)/(-2) - (-2)/(-3). Suppose -6*n + 4*n = -36. Let b = -3 + n. Calculate the greatest common divisor of b and c.
15
Let b(o) = o**2 - 4*o + 4. Let v be b(5). Let t be (-18)/(5/33 + (-5)/15). Calculate the highest common factor of t and v.
9
Let v(w) = w**2 + 41*w + 51. Let s be v(0). Let i be 135/4 + 3/12. What is the highest common divisor of s and i?
17
Let z = 94 + -64. Let j = -45 + 51. Suppose 1050 = j*q + q. Calculate the greatest common divisor of q and z.
30
Let c = 271 - 91. Let z be (16/(-40))/((-3)/c). Calculate the greatest common divisor of z and 24.
24
Suppose -3*n - 4 = -c - 15, -16 = -3*n + 2*c. Let z be 10 + -5 - 1/1. What is the greatest common divisor of z and n?
2
Let y = 10 - 6. Let l be 155*(7 - y - 2). What is the highest common divisor of 62 and l?
31
Let c be 6/(-15) + (-154)/(-10). Let f be 2/(-4)*(10*-16)/(-4). Let s be (-4)/10 - (148/f - -4). Calculate the highest common divisor of c and s.
3
Let v = 28 - 20. Let y = v + -1. Let d(w) = -w**3 - 6*w**2 - 5*w + 7. Let q be d(-5). Calculate the highest common divisor of q and y.
7
Let j(d) = 2*d + 1. Let o be j(4). Let h = -12540 + 12684. Calculate the greatest common factor of h and o.
9
Suppose 0 = -m - 2*g + 2, -8 = -m + 5*g + 29. Let b(s) = -6*s - 66. Let p be b(-12). What is the highest common factor of p and m?
6
Let r = 13 - 21. Let w = 14 + r. Let c be 1*-2 - (-7 + 2). What is the greatest common divisor of w and c?
3
Suppose 6*g - 1190 = g - y, 476 = 2*g - y. Calculate the highest common divisor of g and 14.
14
Suppose -d + 46 = d. Let a = -7 + d. Let x(m) = -m**2 - 16*m - 24. Let y be x(-12). What is the greatest common factor of y and a?
8
Let f = -75 + 102. What is the greatest common factor of 243 and f?
27
Let q(a) = 8*a**3 - 190*a**2 - 26*a - 35. Let j be q(24). Calculate the greatest common divisor of j and 34.
17
Suppose -3*z = -0*z. Let s be 206/4*(-2 + z). Let q = -26 - s. Calculate the greatest common factor of 11 and q.
11
Let i(u) = u**3 - u**2 + 1. Let q be i(0). Calculate the greatest common divisor of q and 1.
1
Let d = 28 + -22. Let v = 4 + d. Let r(t) = t**3 + 5*t**2 + 4*t + 2. Let u be r(-4). What is the greatest common factor of v and u?
2
Suppose -8*s + 6 = -138. Calculate the highest common divisor of s and 144.
18
Let c be ((-102)/(-10))/(10/150). Let i be (-2)/(-9) - (-3179)/c. Let v(p) = 2*p + 2. Let j be v(6). Calculate the greatest common divisor of j and i.
7
Let f = 7 + -2. Suppose -4*t - f*s + 651 = 0, -t - 3*s + 154 = -0*t. Suppose 49 - t = -4*o. What is the greatest common divisor of o and 20?
10
Suppose 21*d - 20*d = 68. What is the greatest common divisor of d and 51?
17
Let n = 635 - 619. Let i(k) = 33*k**3 - 2*k**2 + k. Let y be i(1). Calculate the highest common divisor of y and n.
16
Let u be (-2940)/(-25)*15/6. What is the highest common factor of 21 and u?
21
Let r = 80 - 135. Let y = 63 + r. Calculate the highest common divisor of 4 and y.
4
Suppose w - 4*v - 31 = -v, 0 = -2*v. Let t = w + 5. Calculate the highest common factor of t and 24.
12
Suppose -2*y + 47 = 7. Suppose 2*h - 6*h + y = 0. Suppose 40 = h*j - 95. Calculate the greatest common factor of 3 and j.
3
Suppose -w + 2*w = 33. Suppose o - 1 = g - 4, -2*g + o = -8. Suppose -g*n + 11 = -4*n + 4*a, -5*a + 33 = 3*n. Calculate the highest common divisor of n and w.
11
Suppose 0 = 4*d - 28 - 16. Let x(j) = j**3 - 9*j**2 + j + 8. Let a be x(8). Let f = 7 - a. Calculate the greatest common divisor of f and d.
11
Suppose 0 = -3*v + 4*v. Let h = v + 5. Suppose 4*z + 4 = 0, 56 = -4*t + h*z + 141. Calculate the highest common divisor of t and 4.
4
Let k be 2 - 3 - 34*-1. Suppose 546 = 6*m - 444. What is the highest common factor of k and m?
33
Suppose 2 = -2*o - 0*o. Let c be 4/8 - ((-76)/8 + o). Suppose 6*l - 2*l + 2*g = 86, -5*l + 107 = 3*g. What is the highest common factor of c and l?
11
Let t = 3480 - 3320. Let o be 0 + -1 - 65/(-1). What is the greatest common factor of t and o?
32
Let q = 513 - 493. Calculate the highest common factor of q and 16.
4
Let q = 100 + 117. Suppose -2*j = 6*j + 1208. Let b = j + q. What is the highest common factor of 6 and b?
6
Suppose 4*x + 3*s - 7*s = 60, s = 5*x - 67. Let t = -351 + 455. Calculate the greatest common factor of x and t.
13
Let m = 292 - 201. Let f = 9 + 4. Calculate the highest common factor of m and f.
13
Let h(p) = -p**2 + 3*p + 558. Let a be h(25). Let i be -2 + 1 + (2 - 0). Let y be (i + -6)*16/(-10). What is the greatest common factor of a and y?
8
Let c be (2 - 1) + -9 + 9. Let d be 8 + (-2 - c) + 5. Let a be 4 + 0 - (d - 12). Calculate the greatest common factor of a and 60.
6
Let i = -21 - -18. Let j(z) = 5*z**2 - z - 3. Let c be j(i). Suppose -5*n + 94 = 4*w, -3*n = -n + 5*w - 41. Calculate the highest common divisor of c and n.
9
Let j = -4 + -48. Let s = -44 - j. Calculate the greatest common divisor of 8 and s.
8
Suppose 3 + 0 = m. Suppose -m*u + 2*u = -40. What is the highest common factor of 5 and u?
5
Suppose 4*z - 463 = 3*i, 0 = -4*z - 7*i + 5*i + 438. What is the highest common divisor of z and 364?
28
Let a(h) be the first derivative of h**4/2 - 5*h**3/3 + 3*h**2/2 - 2*h - 1. Let b = 6 - 3. Let i be a(b). What is the greatest common factor of 16 and i?
16
Let y(z) = 16*z - 100. Let k be y(8). What is the highest common divisor of 364 and k?
28
Let c be 1 + 46/10 + (-5)/(25/(-2)). Let s(l) = l**2 + 3*l - 5. Let o be s(-4). Let j = 13 + o. Calculate the greatest common divisor of c and j.
6
Let y(i) = -i**3 + 6*i**2 + 5*i + 12. Let n be y(7). Let h be n/1 + 8 - -2. Calculate the highest common factor of 28 and h.
4
Let k = -612 - -624. Calculate the greatest common divisor of k and 38.
2
Let w be (-414)/(-12) - 2/4. Suppose 5*g - 18 = -3*j + w, 3*g - 8 = 4*j. Let d be 1/(-4*(-2)/16). What is the highest common divisor of d and g?
2
Suppose 3*w + 3*v - 27 = w, -4*v = 5*w - 57. Let y = 6542 - 6506. Calculate the highest common divisor of y and w.
9
Let z(i) = -i**3 + 14*i**2 - 11*i - 11. Let c be z(11). Suppose -5*x + 6*x = c. Let b be (2/4)/(2/84). Calculate the greatest common factor of x and b.
21
Suppose 31*j = 33*j. Let c be 42/9 - 1/(-3). Suppose -2*g - y + 39 = j, g + 0*g = -c*y + 33. Calculate the highest common divisor of g and 27.
9
Suppose 0 = 27*x + 208 + 62. Let a(b) = -3*b + 0*b + 6 - 24. Let s be a(x). What is the greatest common divisor of 30 and s?
6
Let w be -2 - (0 + 3 - 180). Let d = w - 123. What is the greatest common divisor of 13 and d?
13
Let a(z) = 12*z + 93. Let h be a(0). Let k = 173 - h. Calculate the highest common divisor of k and 5.
5
Suppose z = -5*v + 57, 6*z - 2*z - 2*v - 294 = 0. Let w(h) = -h**2 + 19. Let d be w(-5). Let q = 2 - d. Calculate the greatest common factor of q and z.
8
Let b be (-3)/(-12) - ((-1734)/8)/(-3). Let g = b + 74. What is the greatest common divisor of 10 and g?
2
Let h = -1107 + 1635. Suppose -b - b = -h. Suppose -2*l + 44 - 6 = 2*d, -3*d - 135 = -5*l. Calculate the highest common factor of b and l.
24
Let i(m) = 5*m - 53. Let s be i(13). What is the greatest common divisor of 18 and s?
6
Let c(y) = 21*y + 870. Let g be c(0). What is the greatest common factor of 30 and g?
30
Suppose 6*b - f = 5*b + 6, -3*f = -15. Let t = b + 13. Calculate the highest common divisor of t and 4.
4
Let a(u) = 14*u + 189. Let t be a(36). What is the highest common factor of t and 33?
33
Let n(c) = 4*c**2 - 11*c - 1. Let p be n(5). Suppose -36 = -2*x + 8. What is the highest common divisor of x and p?
22
Let i be (2 - (2 + -56)) + -1. Let m be (-3)/(-3)*-1 - i. Let l = m - -96. Calculate the highest common divisor of l and 8.
8
Let g(y) = -138*y - 48. Let t be g(-1). Calculate the greatest common divisor of 315 and t.
45
Suppose 5*d = 0, 0 = -w + 5*d + 433 + 18. Calculate the highest common divisor of 11 and w.
11
Let y be 121/4 - 1/4. Let n(r) = 4*r**2 + 13*r + 10. Let h be n(-5). What is the highest common divisor of y and h?
15
Suppose d = z + 35, 0 = -5*d + 4*z + 116 + 55. What is the highest common factor of d and 1?
1
Let q = 18 + 50. What is the greatest common divisor of 16 and q?
4
Su